 What are the prime factors of o?
5
Suppose -2*q + 110 = q + 5*d, 4*d = -3*q + 106. Suppose b - 6*b = -q. Suppose b*o = 4*g + 3*o - 72, -5*o = g - 41. What are the prime factors of g?
3, 7
Let x(j) = 47*j**2 + 8*j + 10. List the prime factors of x(-3).
409
Let h(j) = -3*j - 21. Let r be h(-6). Let i = r - -6. What are the prime factors of i?
3
Suppose -10*x + 5*o = -12*x + 1011, -5*o + 1997 = 4*x. List the prime factors of x.
17, 29
Let z(r) = -2*r - 16. Let q be z(-9). Suppose 0*t - 146 = -2*l - q*t, -2*t = 3*l - 220. What are the prime factors of l?
2, 37
Let d(t) = -t**2 - t - 12. Let g be d(0). Let x = 7 + g. What are the prime factors of (x/10)/(2/(-76))?
19
Let j = 1551 - 928. What are the prime factors of j?
7, 89
Suppose 0 = 4*b + 2*j - 10402, 3*b = -5*j + 6327 + 1457. What are the prime factors of b?
19, 137
Let z(c) = c**3 + 7*c**2 - 8*c - 1. Let o be z(-7). Suppose o = -11*u + 16*u. List the prime factors of u.
11
Let t(v) = 5*v**2 + 2*v + 265. What are the prime factors of t(0)?
5, 53
What are the prime factors of 18/10*((-3416)/(-12) + 12)?
2, 3, 89
Suppose -6*x + 3*x + 2*x = 0. Suppose x = -27*a + 21*a + 1086. List the prime factors of a.
181
Let o(r) = -4*r - 1. Let u(p) = p**2 + 3*p + 3. Let q be u(-4). Let n be o(q). Let v = 46 + n. List the prime factors of v.
17
Let t = -37 + 40. Suppose 7*q - 116 = t*q. What are the prime factors of q?
29
Let k(x) = 24*x - 9. Let j = -86 - -95. What are the prime factors of k(j)?
3, 23
Suppose -8*i - 12*i = -80. Let f(g) = -g**3 + 6*g**2 - 2*g + 2. Let y be f(5). Let j = y - i. What are the prime factors of j?
13
Suppose 2*m = -3*r - 15, r = 4*m - r - 10. Suppose m = -5*j + 5*t + 50, 0 = j - t + 2*t - 6. Suppose 0 = -5*g - j + 28. List the prime factors of g.
2
Let b(i) = 2*i. Let j be b(-2). What are the prime factors of ((-36)/(24/(-8)))/((-3)/j)?
2
Suppose -5*f - l = -13801 + 42813, -3*f = -4*l + 17421. What are the prime factors of f/(-42) + 3/(-18)?
2, 3, 23
Let t be 434/(-35) + 6/15. List the prime factors of ((-2)/t - (-12)/36)*188.
2, 47
Let w be (-2)/(-5) + 3614/65. Suppose 11 - w = -5*f. What are the prime factors of (f/4)/(1/16)?
2, 3
Let h be 2 + 0 - 0/(-1). Suppose 9 + 17 = -h*q. Let w = q - -30. List the prime factors of w.
17
Let j(d) = -2*d**2 + 9*d - 7. Let i be j(3). List the prime factors of (i - 10/15)/(2/42).
2, 7
Let a = -2 - -6. What are the prime factors of a/2 - (-10 - 53)?
5, 13
Let w(b) = b**3 + 2*b**2 - 16*b - 3. Let y be w(-5). Suppose -y*g - 4*k + k + 660 = 0, -g = -5*k - 317. List the prime factors of g.
3, 109
Let z be 2*-2*5/(-20). What are the prime factors of z/(1 - 330/335)?
67
Let f be (9 - -1)/(7/973). Let v be ((-6)/(-4))/(15/f). Suppose 0 = -2*k + 6, 3*k = 2*u + 6*k - v. What are the prime factors of u?
5, 13
Let x be ((-66)/(-4))/((-39)/52). List the prime factors of (x/4)/(13/(-78)).
3, 11
Let d(g) = g - 1. Let f be d(2). Let z be 3 + -2 + f*55. Suppose 4*x = z + 40. List the prime factors of x.
2, 3
Let c(a) be the second derivative of a**3/2 - 7*a**2/2 - 10*a. Let s be c(3). Suppose 2*h + 5*q = 49, h + q + 21 = s*h. What are the prime factors of h?
2, 11
Let l be 117/2 - (-3)/6. Suppose -l*s = -57*s - 260. List the prime factors of s.
2, 5, 13
Let d(g) be the second derivative of 1/2*g**2 - 6*g + 10/3*g**3 + 0. What are the prime factors of d(1)?
3, 7
Let y(u) = u**2 + 5*u - 8. Let r = -29 - -35. List the prime factors of y(r).
2, 29
Let f(p) = -p + 1. Let a(i) = -3*i**2 + 3*i - 2. Let v(q) = -a(q) - 3*f(q). What are the prime factors of v(1)?
2
Let l(q) = q**2 + 1. Let c be l(-2). Suppose 13 = 3*b - 4*a, -a + 4*a - 41 = -c*b. Suppose u - b + 1 = -2*t, -5*t = 5. What are the prime factors of u?
2
Suppose l - 3 = 0, 36*l - 41*l + 3043 = q. What are the prime factors of q?
2, 757
List the prime factors of 3 + 4/(-4) + 1333.
3, 5, 89
Let k(r) = r**3 + 6*r**2 + r + 7. Let n be k(-6). Let j(f) = -5*f - n + f**2 + 2 + 1. What are the prime factors of j(6)?
2
Suppose -2605*t = -2611*t + 13272. What are the prime factors of t?
2, 7, 79
Let r(x) be the second derivative of -x**4/12 - 7*x**3/3 + 11*x**2/2 - x. Let g be r(-12). Let w = g + -13. What are the prime factors of w?
2, 11
Let m(l) = l - 23. Let i be m(11). Let w be (-92)/(-20) + i/20. Suppose 4*k - w*d - 56 = 0, 2*d - 5 = -1. List the prime factors of k.
2
Let f(n) = -18*n**2 - 3 + 45*n**2 - 20*n**2 + n**3. List the prime factors of f(-6).
3, 11
Let w(v) = -3 + 3 + 29*v**3 - v - 28*v**3 - 4*v**2. Let y be ((-30)/(-9))/(2/3). What are the prime factors of w(y)?
2, 5
Suppose -l + a = -573, a - 18 = -2*l + 1128. What are the prime factors of l?
3, 191
Let n(r) = 14*r - 525. List the prime factors of n(62).
7
Let q(y) = -26*y**3 + 2*y**2 - 3*y - 2. What are the prime factors of q(-2)?
2, 5, 11
Suppose -2*r - 14 = t, t - r + 1 = -10. Let s = 32 - 11. List the prime factors of s + -4*9/t.
2, 3
Let v = -31 - -24. Let u = -1 + v. What are the prime factors of (-22)/(-4 + (-28)/u)?
2, 11
Suppose -4548 = -159*n + 153*n. What are the prime factors of n?
2, 379
Let s(p) = -p + 9. Let m be s(7). Let z(b) = 3 + b + m*b**2 + b - 2*b - 6*b. List the prime factors of z(4).
11
Let t(d) = -31*d + 539. List the prime factors of t(-62).
23, 107
Let q = -258 - -558. List the prime factors of q.
2, 3, 5
Let p = -1589 - -2457. List the prime factors of p.
2, 7, 31
List the prime factors of (-2 + (-1516)/(-3))/(12/54).
3, 5, 151
Suppose w = -3*w. Let t(r) = 5*r - 44. Let c(u) = -11*u + 91. Let k(h) = -4*c(h) - 9*t(h). What are the prime factors of k(w)?
2
Suppose -39*z + 42*z = 2994. List the prime factors of z.
2, 499
Suppose -5*m + 2*a + 106 = 0, -5 = -m - 5*a - 0. Suppose -6*v + 2*v - m = -4*z, 0 = -4*z - 3*v + 48. List the prime factors of z.
3
Let i = 304 - 144. Suppose 3*t = i + 176. What are the prime factors of t?
2, 7
Let w be 0 + ((-12)/(-3) - 1). Let t(i) = -4*i**2 + 12*i - 15. Let k(o) = 5*o**2 - 11*o + 16. Let g(a) = w*k(a) + 4*t(a). What are the prime factors of g(14)?
2
Suppose 30 = -3*u + u. Let t be 12/72*(2 + 4). What are the prime factors of (-3)/(2 + t) - u?
2, 7
Let w be (4 - (-4 - -6))*2. Let n be 0 + (w - (0 - 1)). Suppose -2*v = n*t - 4*t - 91, 0 = 5*v - 3*t - 233. What are the prime factors of v?
2, 23
Suppose -2*t + 1608 = 2*a - 192, -2*a = -5*t - 1779. List the prime factors of a.
3, 13, 23
Let b be 5/((-75)/(-96))*5. Suppose -b = 4*y + 4. Let s(w) = -4*w - 12. List the prime factors of s(y).
2, 3
Let q = 4 + 4. Let b be 4/q*-6 + 4. Let c = b - -44. List the prime factors of c.
3, 5
Let m(h) = -3*h - 17. Let u be m(-7). Suppose 2*i - 118 = 3*p, 0*p - 236 = -u*i + 2*p. What are the prime factors of i?
59
List the prime factors of (-6 + 786)*((-8)/(-6) + 0).
2, 5, 13
Suppose 0 = 19*v - 24*v. Suppose q + 14 = a - v*q, -q = -2*a + 25. List the prime factors of a.
11
Suppose -i = -3 - 3. Suppose 2*k = -i*q + q + 154, -4*k = 4*q - 284. What are the prime factors of k?
67
Let w be (-2)/(-12) - 22/(-12). Suppose -2*j = w*j - 12. Suppose -j*i = -55 + 13. List the prime factors of i.
2, 7
List the prime factors of 2/(-6) - (5 + (-10310)/15).
2, 11, 31
Let u(r) = -2*r - 9. Let k be u(-11). Suppose 12*p - k*p = -49. What are the prime factors of p?
7
Suppose 2991 - 186 = 11*j. List the prime factors of j.
3, 5, 17
List the prime factors of ((-10518)/15)/(24/(-60)).
1753
Suppose 5*h - 2*h + 0*h = 0. Let f(c) = 2*c**2 - c + 17. List the prime factors of f(h).
17
Let o be ((-30)/18 - -3)/(2/291). Suppose 63 = -x + 2*x + h, 3*x - o = 2*h. What are the prime factors of x?
2
Let l = 144 + -81. Suppose j = -2*y + l, 3*y + 5*j + 20 = 97. Suppose 41 = 5*f - y. List the prime factors of f.
3, 5
Suppose -101*u = -103*u + 1166. List the prime factors of u.
11, 53
Let v(d) = -d**3 + 45*d**2 - 77*d + 64. What are the prime factors of v(41)?
3631
Suppose -62 = 2*d - 4*d - 2*i, -2*d = 3*i - 64. Suppose -2*k + v = -52, 0 = -k - 5*v + 19 + d. What are the prime factors of k?
2, 7
Let k = 3078 - 2046. What are the prime factors of k?
2, 3, 43
Let c = 112 + -106. What are the prime factors of -11 + c - 209/(-1)?
2, 3, 17
Let g(q) be the third derivative of q**6/20 + q**5/60 - q**4/12 - 5*q**3/3 - 34*q**2. What are the prime factors of g(3)?
5, 31
Let u be 52 - ((-12)/(-3))/(-4). Let a = 130 - u. What are the prime factors